{"id":3,"date":"2025-01-29T14:06:16","date_gmt":"2025-01-29T14:06:16","guid":{"rendered":"https:\/\/elated-mayer.185-81-2-118.plesk.page\/?page_id=3"},"modified":"2025-03-06T13:17:19","modified_gmt":"2025-03-06T13:17:19","slug":"privacy-policy","status":"publish","type":"page","link":"https:\/\/digisetchallenge.it\/?page_id=3","title":{"rendered":"Privacy Policy"},"content":{"rendered":"\n<div class=\"row\"  id=\"row-761527799\">\n\n\n\t<div id=\"col-1581784361\" class=\"col small-12 large-12\"  >\n\t\t\t\t<div class=\"col-inner\"  >\n\t\t\t\n\t\t\t\n\n\t<div id=\"text-2831512481\" class=\"text\">\n\t\t\n\n<p>Gentile Utente,<\/p>\n<p>Ai sensi dell\u2019art. 13 del regolamento (UE) n. 2016\/679 del Parlamento Europeo e del Consiglio del 27\/04\/2016, di seguito GDPR, la Societ\u00e0 TIME VISION Societ\u00e0 Cooperativa a r.l. , La informa di quanto segue:<\/p>\n<p>Finalit\u00e0 del trattamento dei dati e base giuridica<br \/>I Suoi dati personali sono trattati dalla TIME VISION Societ\u00e0 Cooperativa a r.l. in qualit\u00e0 di titolare per le seguenti Finalit\u00e0 di Servizio:<\/p>\n<p>A1) Ai fini della navigazione sul presente sito https:\/\/digisetchallenge.it\/ onde garantire la sicurezza del Sito e delle informazioni sullo stesso scambiate, ossia la capacit\u00e0 di tale Sito di resistere, a un dato livello di sicurezza, ad eventi imprevisti o ad atti illeciti o dolosi che compromettano la disponibilit\u00e0, l\u2019autenticit\u00e0, l\u2019integrit\u00e0 e la riservatezza dei dati personali conservati o trasmessi e la sicurezza dei relativi servizi offerti o resi accessibili;<\/p>\n<p>A2) Possibile acquisizione di dati personali (nome ed indirizzo e-mail) in occasione di una richiesta di contatto pervenuta tramite la sezione \u201cContattaci\u201d;<\/p>\n<p>A3) Acquisizione e trattamento di dati per svolgere attivit\u00e0 commerciali, preventivi, gestione e stipula contratti;<\/p>\n<p>A4) Acquisizione, trattamento e conservazione anche digitale di dati personali da Lei forniti, quali dati anagrafici, CV ed attestati, necessari per valutare la coerenza del profilo dell\u2019utente ai ruoli ricercati durante il processo di selezione, ai fini di un possibile inserimento all\u2019interno del nostro organico. Qualora la domanda di impiego fosse accettata, allora le informazioni personali che riguardano l\u2019utente saranno archiviate e trattate dal Titolare in base all\u2019informativa per i lavoratori dipendenti.<\/p>\n<p>A5) Acquisizione, trattamento e conservazione anche digitale di dati personali da Lei forniti inseriti in fase di registrazione alla piattaforma e-learning https:\/digisetchallenge.it\/ per consentire il regolare utilizzo della piattaforma medesima;<\/p>\n<p>A6) Acquisizione di dati per attivit\u00e0 di mail marketing, social media marketing, digital marketing, servizi, news, blogging, attivit\u00e0 promozionali ed eventi;<\/p>\n<p>A7) Attivit\u00e0 di profilazione mediante processi automatizzati al fine di ottimizzare i servizi offerti e per soddisfare al meglio l\u2019interesse dell\u2019utente;<\/p>\n<p>A8) Adempiere agli obblighi previsti dalla legge, da un regolamento, dalla normativa comunitaria o da un ordine dell\u2019Autorit\u00e0 (come, ad esempio, in materia di antiriciclaggio);<\/p>\n<p>A9) Esercitare i diritti del Titolare, ad esempio il diritto di difesa in giudizio;<\/p>\n<p>Natura del conferimento dei dati<br \/>I Suoi dati personali oggetto del trattamento sono raccolti direttamente dal Titolare del trattamento o dal soggetto da questi espressamente autorizzato.<\/p>\n<p>La base giuridica per il trattamento dei dati per le finalit\u00e0 di cui ai sopraddetti punti A2), A3) e A4) \u00e8 l\u2019art. 6 comma 1 lett. b del Regolamento (trattamento necessario all\u2019esecuzione di un contratto o di misure precontrattuali), in quanto i trattamenti sono necessari per lo svolgimento delle attivit\u00e0 concordate su base contrattuale. Il conferimento dei Dati Personali per queste finalit\u00e0 \u00e8 facoltativo, ma l\u2019eventuale mancato conferimento comporterebbe l\u2019impossibilit\u00e0 di avviare e\/o proseguire il rapporto di lavoro.<\/p>\n<p>La base giuridica per il trattamento dei dati per le finalit\u00e0 di cui ai punti A5), A6) e A7) \u00e8 l\u2019art.6. par.1 lett. a del Regolamento, in quanto i suoi dati potranno essere trattati lecitamente solo previo suo consenso, specifico, separato, espresso, documentato, preventivo e del tutto facoltativo. Relativamente a tale finalit\u00e0 di trattamento per cui \u00e8 richiesto il Suo consenso La informiamo che il Suo diniego non pregiudicher\u00e0 gli obblighi diversamente assunti e che il consenso potr\u00e0 essere revocato in qualunque momento.<\/p>\n<p>La base giuridica per il trattamento dei dati per le finalit\u00e0 di cui ai punti A1), A8) e A9) \u00e8 l\u2019adempimento di un obbligo legale ai sensi dell\u2019art. 6, comma 1 lett. f del Regolamento (il trattamento \u00e8 necessario per il perseguimento del legittimo interesse del titolare del trattamento), il conferimento dei dati \u00e8 obbligatorio ed il trattamento di dati per tali finalit\u00e0 non richiede il Suo consenso.<\/p>\n<p>Modalit\u00e0 di trattamento dei dati<br \/>Il trattamento dei suoi Dati Personali \u00e8 realizzato per mezzo delle operazioni indicate all\u2019art. 4 punto 2 del GDPR e precisamente: raccolta, registrazione, organizzazione, conservazione, consultazione, elaborazione, estrazione, utilizzo, cancellazione e distruzione dei dati. Il trattamento dei dati avverr\u00e0 mediante strumenti idonei a garantire la sicurezza e la riservatezza e potr\u00e0 essere effettuato anche attraverso strumenti automatizzati atti a memorizzare, gestire e trasmettere i dati stessi. L\u2019Interessato \u00e8 responsabile della esattezza e della veridicit\u00e0 dei Dati forniti ed onerato della comunicazione tempestiva di eventuali aggiornamenti ai Dati stessi; qualora il servizio o l\u2019attivit\u00e0 in favore dell\u2019Interessato possano esplicare i propri effetti o comunque possano interessare anche i Dati Personali di soggetti terzi (es. figli minori, familiari, delegati) il soggetto conferente i dati rimane responsabile a ogni effetto di quanto comunicato e di quanto richiesto.<\/p>\n<p>La informiamo inoltre, che i dati personali a Lei riferibili saranno:<\/p>\n<p>trattati in modo lecito e secondo correttezza;<br \/>raccolti e registrati per scopi determinati, espliciti e legittimi ed utilizzati in altre operazioni del trattamento in termini compatibili con tali scopi;<br \/>esatti e, se necessario, aggiornati;<br \/>pertinenti, completi e non eccedenti rispetto alle finalit\u00e0 per le quali sono stati raccolti o successivamente trattati;<br \/>conservati in una forma che consenta l\u2019identificazione dell\u2019interessato per un periodo di tempo non superiore a quello necessario agli scopi per i quali essi sono stati raccolti o successivamente trattati.<br \/>Categorie di dati e relativa provenienza<br \/>Oggetto del trattamento sono i dati personali e particolari riguardanti la Sua persona forniti dall\u2019interessato tramite mail dedicate, schede di iscrizione ai corsi di formazione, nonch\u00e9 quelli eventualmente trasmessi in seguito in altro modo. Pertanto, si informa che i dati personali oggetto di trattamento sono raccolti direttamente dall\u2019interessato al trattamento.<\/p>\n<p>Ambito di comunicazione<br \/>Nei limiti pertinenti alle finalit\u00e0 del trattamento dei dati indicati possono venire a conoscenza dei medesimi soltanto i collaboratori autorizzati del loro trattamento ed appartenenti alla struttura organizzativa del Titolare del Trattamento.<\/p>\n<p>Si precisa che i Suoi dati possono essere trasmessi ai seguenti destinatari:<\/p>\n<p>\u2013 Autorizzati ai trattamenti<\/p>\n<p>\u2013 Soggetti adibiti alla manutenzione dei sistemi informativi<\/p>\n<p>\u2013 Soggetti adibiti al marketing<\/p>\n<p>\u2013 Consulenti esterni<\/p>\n<p>L\u2019elenco \u00e8 disponibile presso la sede del Titolare<\/p>\n<p>Periodo di conservazione<br \/>In conformit\u00e0 al principio di \u201climitazione della conservazione\u201d di cui all\u2019art. 5, del Regolamento (UE) n. 679\/2016 (GDPR), i dati raccolti oggetto di trattamento per le finalit\u00e0 sopra indicate, saranno conservati in base alle scadenze previste alle norme di legge e, successivamente, per il tempo in cui la Societ\u00e0 sia soggetta a obblighi di conservazione per finalit\u00e0 previste da norme di legge o regolamento. La verifica sulla obsolescenza dei dati conservati in relazione alle finalit\u00e0 per cui sono stati raccolti viene effettuata periodicamente.<\/p>\n<p>In ogni caso, si prevede la conservazione dei dati per un periodo massimo di:<\/p>\n<p>Dati relativi alla selezione del personale = 2 anni<\/p>\n<p>Dati relativi alla formazione = 10 anni<\/p>\n<p>Dati relativi al marketing = 3 anni<\/p>\n<p>Dati relativi alla profilazione = 3 anni<\/p>\n<p>Profilazione e Diffusione dei dati<\/p>\n<p>Sono presenti uno o pi\u00f9 algoritmi di profilazione ai soli scopi commerciali;<\/p>\n<p>Diritti dell\u2019interessato<br \/>Nella Sua qualit\u00e0 di interessato, ha i diritti di cui all\u2019art. 15 GDPR e precisamente i diritti di:<\/p>\n<p>ottenere la conferma dell\u2019esistenza o meno di dati personali che La riguardano, anche se non ancora registrati, e la loro comunicazione in forma intelligibile;<br \/>ottenere l\u2019indicazione: a) dell\u2019origine dei dati personali; b) delle finalit\u00e0 e modalit\u00e0 del trattamento; c) della logica applicata in caso di trattamento effettuato con l\u2019ausilio di strumenti elettronici; d) degli estremi identificativi del titolare, dei responsabili e del rappresentante designato ai sensi dell\u2019art. 3, comma 1, GDPR; e) dei soggetti o delle categorie di soggetti ai quali i dati personali possono essere comunicati o che possono venirne a conoscenza in qualit\u00e0 di rappresentante designato nel territorio dello Stato, di responsabili o autorizzati;<br \/>ottenere: a) l\u2019aggiornamento, la rettificazione ovvero, quando vi ha interesse, l\u2019integrazione dei dati; b) la cancellazione, la trasformazione in forma anonima o il blocco dei dati trattati in violazione di legge, compresi quelli di cui non \u00e8 necessaria la conservazione in relazione agli scopi per i quali i dati sono stati raccolti o successivamente trattati; c) l\u2019attestazione che le operazioni di cui alle lettere a) e b) sono state portate a conoscenza, anche per quanto riguarda il loro contenuto, di coloro ai quali i dati sono stati comunicati o diffusi, eccettuato il caso in cui tale adempimento si rivela impossibile o comporta un impiego di mezzi manifestamente sproporzionato rispetto al diritto tutelato;<br \/>opporsi, in tutto o in parte: a) per motivi legittimi al trattamento dei dati personali che La riguardano, ancorch\u00e9 pertinenti allo scopo della raccolta; b) al trattamento di dati personali che La riguardano a fini di invio di materiale pubblicitario o di vendita diretta o per il compimento di ricerche di mercato o di comunicazione commerciale, mediante l\u2019uso di sistemi automatizzati di chiamata senza l\u2019intervento di un operatore mediante e-mail e\/o mediante modalit\u00e0 di marketing tradizionali mediante telefono e\/o posta cartacea. Si fa presente che il diritto di opposizione dell\u2019interessato, esposto al precedente punto b), per finalit\u00e0 di marketing diretto mediante modalit\u00e0 automatizzate si estende a quelle tradizionali e che comunque resta salva la possibilit\u00e0 per l\u2019interessato di esercitare il diritto di opposizione anche solo in parte. Pertanto, l\u2019interessato pu\u00f2 decidere di ricevere solo comunicazioni mediante modalit\u00e0 tradizionali ovvero solo comunicazioni automatizzate oppure nessuna delle due tipologie di comunicazione.<br \/>Diritto alla rettifica dei suoi dati personali nel caso in cui siano modificati e non rispondenti a quelli precedentemente acquisiti o comunicati (art. 16)<br \/>Diritto alla cancellazione dei dati (\u201cdiritto all\u2019oblio\u201d art. 17). TIME VISION Societ\u00e0 Cooperativa a r.l.., se sussiste uno dei seguenti casi, procede alla cancellazione del dato da tutti i data base e gli archivi dove lo stesso \u00e8 contenuto:<br \/>a) i dati personali non sono pi\u00f9 necessari rispetto alle finalit\u00e0 per le quali sono stati raccolti o altrimenti trattati;<br \/>b) l\u2019interessato revoca il consenso e se non sussiste altro fondamento giuridico per il trattamento;<br \/>c) l\u2019interessato si oppone al trattamento ai sensi dell\u2019articolo 21, paragrafo 1, e non sussiste alcun motivo legittimo prevalente per procedere al trattamento, oppure si oppone al trattamento ai sensi dell\u2019articolo 21, paragrafo 2;<br \/>d) i dati personali sono stati trattati illecitamente;<br \/>e) i dati personali devono essere cancellati per adempiere un obbligo legale previsto dal diritto dell\u2019Unione o dello Stato membro cui \u00e8 soggetto il titolare del trattamento;<br \/>f) i dati personali sono stati raccolti relativamente all\u2019offerta di servizi della societ\u00e0 dell\u2019informazione di cui all\u2019articolo 8, paragrafo 1.<br \/>Diritto di limitazione di trattamento (art. 18). L\u2019interessato ha il diritto di ottenere dal titolare del trattamento la limitazione del trattamento quando ricorre una delle seguenti ipotesi:<br \/>a) l\u2019interessato contesta l\u2019esattezza dei dati personali, per il periodo necessario al titolare del trattamento per verificare l\u2019esattezza di tali dati personali;<br \/>b) il trattamento \u00e8 illecito e l\u2019interessato si oppone alla cancellazione dei dati personali e chiede invece che ne sia limitato l\u2019utilizzo;<br \/>c) bench\u00e9 il titolare del trattamento non ne abbia pi\u00f9 bisogno ai fini del trattamento, i dati personali sono necessari all\u2019interessato per l\u2019accertamento, l\u2019esercizio o la difesa di un diritto in sede giudiziaria;<br \/>d) l\u2019interessato si \u00e8 opposto al trattamento ai sensi dell\u2019articolo 21, paragrafo 1, in attesa della verifica in merito all\u2019eventuale prevalenza dei motivi legittimi del titolare del trattamento rispetto a quelli dell\u2019interessato.<br \/>Diritto di opposizione (art. 21-22): L\u2019interessato ha il diritto di opporsi in qualsiasi momento, per motivi connessi alla sua situazione particolare, al trattamento dei dati personali che lo riguardano ai sensi dell\u2019articolo 6, paragrafo 1, lettere e) o f), compresa la profilazione sulla base di tali disposizioni. TIME VISION Societ\u00e0 Cooperativa a r.l. non sottopone i dati a decisioni basate unicamente su trattamenti automatizzati.<br \/>Proporre reclamo a un\u2019autorit\u00e0 di controllo (Autorit\u00e0 Garante per la protezione dei dati personali \u2013 con sede in Roma, Piazza Venezia n.11 \u2013 www.garanteprivacy.it );<\/p>\n<p>Titolare del trattamento e responsabile della protezione dei dati personali<br \/>Il Titolare del trattamento \u00e8 TIME VISION Societ\u00e0 Cooperativa a r.l. (Partita IVA 07223751210), P.E.C. timevision@pec.it con sede legale in Castellammare di Stabia (80053 \u2013 NA) al Corso Alcide de Gasperi 169;<\/p>\n<p>Il Responsabile della Protezione dei Dati (DPO) \u00e8 il sig. Silvio Tortora Maione nominato da TIME VISION Societ\u00e0 Cooperativa a r.l. che pu\u00f2 essere contattato all\u2019indirizzo email silvio@itadvice.it<\/p>\n\t\t\n<style>\n#text-2831512481 {\n  color: rgb(0,0,0);\n}\n#text-2831512481 > * {\n  color: rgb(0,0,0);\n}\n<\/style>\n\t<\/div>\n\t\n\n\t\t<\/div>\n\t\t\t\t\t<\/div>\n\n\t\n\n<\/div>\n\n","protected":false},"excerpt":{"rendered":"","protected":false},"author":1,"featured_media":0,"parent":0,"menu_order":0,"comment_status":"closed","ping_status":"closed","template":"page-single-page-nav.php","meta":{"footnotes":""},"class_list":["post-3","page","type-page","status-publish","hentry"],"yoast_head":"<!-- This site is optimized with the Yoast SEO plugin v24.6 - https:\/\/yoast.com\/wordpress\/plugins\/seo\/ -->\n<title>Privacy Policy - DIGISET CHALLENGE: Made for Interconnections<\/title>\n<meta name=\"robots\" content=\"index, follow, max-snippet:-1, max-image-preview:large, max-video-preview:-1\" \/>\n<link rel=\"canonical\" href=\"https:\/\/digisetchallenge.it\/?page_id=3\" \/>\n<meta property=\"og:locale\" content=\"it_IT\" \/>\n<meta property=\"og:type\" content=\"article\" \/>\n<meta property=\"og:title\" content=\"Privacy Policy - DIGISET CHALLENGE: Made for Interconnections\" \/>\n<meta property=\"og:url\" content=\"https:\/\/digisetchallenge.it\/?page_id=3\" \/>\n<meta property=\"og:site_name\" content=\"DIGISET CHALLENGE: Made for Interconnections\" \/>\n<meta property=\"article:modified_time\" content=\"2025-03-06T13:17:19+00:00\" \/>\n<meta name=\"twitter:card\" content=\"summary_large_image\" \/>\n<meta name=\"twitter:label1\" content=\"Tempo di lettura stimato\" \/>\n\t<meta name=\"twitter:data1\" content=\"11 minuti\" \/>\n<script type=\"application\/ld+json\" class=\"yoast-schema-graph\">{\"@context\":\"https:\/\/schema.org\",\"@graph\":[{\"@type\":\"WebPage\",\"@id\":\"https:\/\/digisetchallenge.it\/?page_id=3\",\"url\":\"https:\/\/digisetchallenge.it\/?page_id=3\",\"name\":\"Privacy Policy - DIGISET CHALLENGE: Made for Interconnections\",\"isPartOf\":{\"@id\":\"https:\/\/digisetchallenge.it\/#website\"},\"datePublished\":\"2025-01-29T14:06:16+00:00\",\"dateModified\":\"2025-03-06T13:17:19+00:00\",\"breadcrumb\":{\"@id\":\"https:\/\/digisetchallenge.it\/?page_id=3#breadcrumb\"},\"inLanguage\":\"it-IT\",\"potentialAction\":[{\"@type\":\"ReadAction\",\"target\":[\"https:\/\/digisetchallenge.it\/?page_id=3\"]}]},{\"@type\":\"BreadcrumbList\",\"@id\":\"https:\/\/digisetchallenge.it\/?page_id=3#breadcrumb\",\"itemListElement\":[{\"@type\":\"ListItem\",\"position\":1,\"name\":\"Home\",\"item\":\"https:\/\/digisetchallenge.it\/\"},{\"@type\":\"ListItem\",\"position\":2,\"name\":\"Privacy Policy\"}]},{\"@type\":\"WebSite\",\"@id\":\"https:\/\/digisetchallenge.it\/#website\",\"url\":\"https:\/\/digisetchallenge.it\/\",\"name\":\"DIGISET CHALLENGE: Made for Interconnections\",\"description\":\"\",\"potentialAction\":[{\"@type\":\"SearchAction\",\"target\":{\"@type\":\"EntryPoint\",\"urlTemplate\":\"https:\/\/digisetchallenge.it\/?s={search_term_string}\"},\"query-input\":{\"@type\":\"PropertyValueSpecification\",\"valueRequired\":true,\"valueName\":\"search_term_string\"}}],\"inLanguage\":\"it-IT\"}]}<\/script>\n<!-- \/ Yoast SEO plugin. -->","yoast_head_json":{"title":"Privacy Policy - DIGISET CHALLENGE: Made for Interconnections","robots":{"index":"index","follow":"follow","max-snippet":"max-snippet:-1","max-image-preview":"max-image-preview:large","max-video-preview":"max-video-preview:-1"},"canonical":"https:\/\/digisetchallenge.it\/?page_id=3","og_locale":"it_IT","og_type":"article","og_title":"Privacy Policy - DIGISET CHALLENGE: Made for Interconnections","og_url":"https:\/\/digisetchallenge.it\/?page_id=3","og_site_name":"DIGISET CHALLENGE: Made for Interconnections","article_modified_time":"2025-03-06T13:17:19+00:00","twitter_card":"summary_large_image","twitter_misc":{"Tempo di lettura stimato":"11 minuti"},"schema":{"@context":"https:\/\/schema.org","@graph":[{"@type":"WebPage","@id":"https:\/\/digisetchallenge.it\/?page_id=3","url":"https:\/\/digisetchallenge.it\/?page_id=3","name":"Privacy Policy - DIGISET CHALLENGE: Made for Interconnections","isPartOf":{"@id":"https:\/\/digisetchallenge.it\/#website"},"datePublished":"2025-01-29T14:06:16+00:00","dateModified":"2025-03-06T13:17:19+00:00","breadcrumb":{"@id":"https:\/\/digisetchallenge.it\/?page_id=3#breadcrumb"},"inLanguage":"it-IT","potentialAction":[{"@type":"ReadAction","target":["https:\/\/digisetchallenge.it\/?page_id=3"]}]},{"@type":"BreadcrumbList","@id":"https:\/\/digisetchallenge.it\/?page_id=3#breadcrumb","itemListElement":[{"@type":"ListItem","position":1,"name":"Home","item":"https:\/\/digisetchallenge.it\/"},{"@type":"ListItem","position":2,"name":"Privacy Policy"}]},{"@type":"WebSite","@id":"https:\/\/digisetchallenge.it\/#website","url":"https:\/\/digisetchallenge.it\/","name":"DIGISET CHALLENGE: Made for Interconnections","description":"","potentialAction":[{"@type":"SearchAction","target":{"@type":"EntryPoint","urlTemplate":"https:\/\/digisetchallenge.it\/?s={search_term_string}"},"query-input":{"@type":"PropertyValueSpecification","valueRequired":true,"valueName":"search_term_string"}}],"inLanguage":"it-IT"}]}},"_links":{"self":[{"href":"https:\/\/digisetchallenge.it\/index.php?rest_route=\/wp\/v2\/pages\/3","targetHints":{"allow":["GET"]}}],"collection":[{"href":"https:\/\/digisetchallenge.it\/index.php?rest_route=\/wp\/v2\/pages"}],"about":[{"href":"https:\/\/digisetchallenge.it\/index.php?rest_route=\/wp\/v2\/types\/page"}],"author":[{"embeddable":true,"href":"https:\/\/digisetchallenge.it\/index.php?rest_route=\/wp\/v2\/users\/1"}],"replies":[{"embeddable":true,"href":"https:\/\/digisetchallenge.it\/index.php?rest_route=%2Fwp%2Fv2%2Fcomments&post=3"}],"version-history":[{"count":4,"href":"https:\/\/digisetchallenge.it\/index.php?rest_route=\/wp\/v2\/pages\/3\/revisions"}],"predecessor-version":[{"id":250,"href":"https:\/\/digisetchallenge.it\/index.php?rest_route=\/wp\/v2\/pages\/3\/revisions\/250"}],"wp:attachment":[{"href":"https:\/\/digisetchallenge.it\/index.php?rest_route=%2Fwp%2Fv2%2Fmedia&parent=3"}],"curies":[{"name":"wp","href":"https:\/\/api.w.org\/{rel}","templated":true}]}}